-2)/((-56)/(-6)))?
12
Suppose -5*a - 110 - 46 = 4*p, -5*p - 195 = -2*a. Let j = -21 - p. What is the remainder when 34 is divided by j?
16
Let m(d) = 5*d - 3. Let s(p) = -p**2 + p + 3. Let y be s(-8). What is the remainder when (y/6)/(2/(-4)) is divided by m(3)?
11
Let s = 7 + -4. Suppose 2*w - s*c - 127 = 0, -4*c + 106 + 177 = 5*w. Suppose -5*o = w - 244. Calculate the remainder when o is divided by 13.
11
Suppose 6 - 24 = -2*f. Suppose 3*u - 2*u - 3 = 0. Suppose -7 = u*o - 55. Calculate the remainder when o is divided by f.
7
What is the remainder when 89 is divided by 24/48*(-1)/(2/(-52))?
11
Suppose -9 = 3*g, x - 9 = 3*g - g. Let d = x + -1. Calculate the remainder when 3 is divided by d.
1
Let b = 85 + -23. Suppose 3*n = n + 3*o + b, 4*o + 31 = n. Suppose 4*m = -m + 2*s + 17, 3*m + 4*s - n = 0. Calculate the remainder when 18 is divided by m.
3
Let m(s) = 3*s**2 - 10. Calculate the remainder when 67 is divided by m(3).
16
Suppose -4*n + 39 = f - 227, -f - 2*n + 262 = 0. Calculate the remainder when f is divided by 65.
63
Let l = -28 - -42. Let k(y) = y**3 + 11*y**2 + 11*y + 10. Let n be k(-10). Let t = l + n. What is the remainder when 40 is divided by t?
12
Let r = -213 + 225. What is the remainder when r is divided by (14/(-4))/(1/(-2))?
5
Let p(r) = r**3 - 10*r**2 + 9*r + 11. Let q be (-318)/(-36) - (-1)/6. What is the remainder when 18 is divided by p(q)?
7
Let y = 11 + -1. Calculate the remainder when 28 is divided by y.
8
Let r(f) = -f + 31. What is the remainder when 91 is divided by r(12)?
15
Let r = 6 - -5. Let f be 14/4*16/28. Calculate the remainder when f/3 + (-116)/(-6) is divided by r.
9
Let a(n) = 9*n**2 + 14*n**2 - 6*n**2. Let b = 1 + -2. Calculate the remainder when 50 is divided by a(b).
16
Let r be (-2)/(-2) - (-3 + 0). Let t = 102 + -32. Suppose r*j + j = t. Calculate the remainder when j is divided by 5.
4
Let j = 10 - -1. Let i(p) = p**2 + 4*p - 6. Let b be i(-5). Calculate the remainder when j is divided by (10 + b)*2/6.
2
Suppose -5*g - 3*j = -160, -g - 4*j + 20 = -j. Let d = 76 - 51. Let p = g - d. Calculate the remainder when 18 is divided by p.
8
Let z = 15 - 14. Let c(s) = 3*s. What is the remainder when c(z) is divided by 1?
0
Let x = -43 + 64. Suppose 3*d - 4*p - x = 0, 2*p + 2*p = -d - 9. Calculate the remainder when 7 is divided by d.
1
Suppose -5*l = 5*d - 25, -3*l - d + 9 = 2. Let r(s) = s - 3. Let c be r(5). Suppose -3*q - c = -8. Calculate the remainder when q is divided by l.
0
Suppose 0 = w - 0*w - 12. Calculate the remainder when 22 is divided by w.
10
Let p = 28 + 5. What is the remainder when p is divided by 12?
9
What is the remainder when 45 is divided by 0/4 + (-75)/(-3)?
20
Calculate the remainder when 6 is divided by 4/(-18) + (-340)/(-153).
0
Suppose -3*b = -2*d + 25, 2*b + 4 = 3*d - 21. Suppose -q + d = 1. Suppose q*o + v - 25 - 14 = 0, 2*o - v = 21. Calculate the remainder when o is divided by 4.
2
Let c = -5 + 17. Suppose 17*y = c*y + 75. What is the remainder when 57 is divided by y?
12
Let d(o) = o**2 + 4*o + 1. What is the remainder when d(-6) is divided by (-21)/(-2)*24/36?
6
Let i be 8/28 - 46/14. Suppose -l + 2*l = 9. What is the remainder when -3 + 22/1 + i is divided by l?
7
Let l = -4 + 0. Let g(p) = 2*p**3 + 7*p**2 + 6*p + 5. Let u be g(l). Calculate the remainder when (-660)/u - 2/(-14) is divided by 11.
8
Suppose -2*g + 12 = 4. Suppose 0 = 2*k + g*h - 34 + 8, 0 = -3*k + 4*h + 69. Let m(d) = 10*d**2 - 4*d + 4. Calculate the remainder when k is divided by m(1).
9
Let s(q) = -q + 22. Calculate the remainder when 41 is divided by s(0).
19
Let z(a) = -14*a**2 - 2*a - 2. Let r be z(-1). Let u = r - -34. Let l = 11 + 0. What is the remainder when u is divided by l?
9
Let j = -3 + 8. Suppose 0*o + 60 = 3*o. Suppose q + m + 9 = o, 5*q = m + 37. What is the remainder when q is divided by j?
3
Let y(l) = 9*l - 1. Suppose -3*n + 74 = -4*v, n + 3*v + 69 = 4*n. What is the remainder when y(4) is divided by n?
17
Let d = 189 + -122. Let v = d + -48. Calculate the remainder when 37 is divided by v.
18
Let b(o) = -o**3 + o**2. Let m be b(0). Suppose 0*v + 3*v - 9 = m. What is the remainder when 11 is divided by 1 + -1 + v*2?
5
Suppose 5 = 2*c - 1. Suppose -2*o + 100 = 4*y, 33 = -c*o + 2*y + 151. Calculate the remainder when o is divided by 15.
12
Suppose -2*s + 6*s - 4*t - 56 = 0, -2*s - 3*t = -8. Suppose 0 = -6*q + 94 + 68. What is the remainder when q is divided by s?
7
Let x(r) = -r**2 + 14*r - 11. Calculate the remainder when x(9) is divided by 6.
4
Let n = 13 + 54. Let j = -21 + n. Calculate the remainder when j is divided by 16.
14
Suppose -q = 3, -4*g + 47 = -2*g - 5*q. Calculate the remainder when g is divided by 9.
7
Suppose -546 + 31 = -5*p. Let q = p + -72. Calculate the remainder when q is divided by 11.
9
Calculate the remainder when ((-160)/3)/(2/(-6)) is divided by 41.
37
Let u = -7 - -6. Let z(p) = 12*p**2 + 2*p + 1. Calculate the remainder when 20 is divided by z(u).
9
Suppose 0*s - 3*s - 9 = -m, 0 = m + s - 5. What is the remainder when 94 is divided by m?
4
Suppose 0 = -8*v + 7*v + 8. What is the remainder when 22 is divided by v?
6
Suppose -4*f + 4*o = 8, 3*f + 4*o - o + 12 = 0. Let c be -1 + 19 + -2 + 0. Let v = c + f. What is the remainder when 24 is divided by v?
11
Let s = 107 - 83. Suppose 4*z - 5*z + 93 = 0. What is the remainder when z is divided by s?
21
Suppose -2*d + 184 = 5*x, -2*d + 3*d - 3*x - 70 = 0. What is the remainder when d is divided by 14?
12
Suppose -4*z = -5*n + 43 + 24, -5*z = -n + 5. What is the remainder when 44 is divided by n?
14
Let b(f) = -3*f - 2. Let a(o) = o**2 - o + 1. Let k(t) = -2*t**2 + 7. Let j(r) = 3*a(r) + k(r). Calculate the remainder when j(7) is divided by b(-5).
12
Suppose 0 = 6*r - r - 380. Suppose 3*s + 4*o - 58 = 0, -2*s = s + o - 73. What is the remainder when r is divided by s?
24
Let v = 25 + -7. Let q = v - -37. Suppose q = 5*c - 15. What is the remainder when 41 is divided by c?
13
Let a be (-9)/2*(-4)/6. Let z(o) = 4*o**2 + 3*o**2 - a*o**2 - 2 + 3*o + 0*o**2. Calculate the remainder when z(-4) is divided by 17.
16
Suppose -5*o + 51 = 3*b, 3*b + 3 = 2*b. Suppose o = n + 3*x, -x + 0*x = -n + 8. Calculate the remainder when n is divided by 28/5 + 6/(-10).
4
Let m(x) = -2*x + 1. Suppose -o = 3*o + 28. Suppose 3*d - 10 = 14. What is the remainder when m(o) is divided by d?
7
Let u(a) = -a + 1. Suppose 2*h + 7 + 1 = 0. What is the remainder when -2*(54/(-4))/3 is divided by u(h)?
4
Suppose 5*k - s - 33 = 3*s, 0 = 4*s + 8. Let o(w) = 9*w**2 - w - 1. What is the remainder when o(-1) is divided by k?
4
Calculate the remainder when 43 is divided by (69/6)/(2/4).
20
Let q(b) = -b + 20. Calculate the remainder when q(0) is divided by 11.
9
What is the remainder when 153 is divided by 39/(-1 + 20/8)?
23
Suppose p - 86 - 9 = 4*f, p - 2*f - 105 = 0. Calculate the remainder when p is divided by 34.
13
Let f be (-3 + 3)/1 + -14. Let j = 35 + f. What is the remainder when j is divided by 11?
10
Let y = -70 + 78. Calculate the remainder when y is divided by 7.
1
Suppose 5 = -h + 3. Let v be (-9)/h + (-3)/(-6). Suppose v*o - 59 = q, -3*o + 8*o + 3*q - 43 = 0. Calculate the remainder when 20 is divided by o.
9
Suppose -4*w + 0*w + 108 = 0. Suppose -2*l - 2*v = -3*l + 9, 5*v - w = -2*l. Calculate the remainder when 21 is divided by l.
10
Let d = 59 + -5. What is the remainder when d is divided by 5?
4
Let v be (-2)/6 + 28/(-6). Let t(a) = -a**2 - 8*a - 2. Let i = 10 + -2. Calculate the remainder when t(v) is divided by i.
5
Let o(b) be the first derivative of -b**2 + 2*b - 3. Let i be o(-8). Suppose -5*z = -1 + 16, i = 5*y + 4*z. What is the remainder when 15 is divided by y?
3
Suppose -7 = -2*a - 71. What is the remainder when 29 is divided by a*(-3)/(6/1)?
13
Let x = 177 + -42. What is the remainder when x is divided by 28?
23
What is the remainder when 21 is divided by (2 + 20)*2/4?
10
Let q = 16 - 2. Calculate the remainder when 39 is divided by q.
11
Suppose -j - 4*v = 8, -5*v - 2 = 3*j - 4*v. Suppose -5*y - 15 = -j*y. Let h = 7 + y. What is the remainder when 11 is divided by h?
3
Suppose 4 = n - 0*n. Suppose -9*i + 3*a = -4*i - 226, 12 = n*a. Let z(d) = -d**3 + 6*d**2 - 3*d - 4. What is the remainder when i is divided by z(4)?
15
Wh